{"id":764,"date":"2025-05-20T14:02:54","date_gmt":"2025-05-20T13:02:54","guid":{"rendered":"https:\/\/martaidawid.pl\/?page_id=764"},"modified":"2025-07-15T00:00:03","modified_gmt":"2025-07-14T23:00:03","slug":"ksiega-gosci","status":"publish","type":"page","link":"https:\/\/martaidawid.pl\/?page_id=764","title":{"rendered":"Ksi\u0119ga go\u015bci"},"content":{"rendered":"\t\t<div data-elementor-type=\"wp-page\" data-elementor-id=\"764\" class=\"elementor elementor-764\">\n\t\t\t\t\t\t<section class=\"elementor-section elementor-top-section elementor-element elementor-element-ae5f3d6 elementor-section-boxed elementor-section-height-default elementor-section-height-default\" data-id=\"ae5f3d6\" data-element_type=\"section\">\n\t\t\t\t\t\t<div class=\"elementor-container elementor-column-gap-default\">\n\t\t\t\t\t<div class=\"elementor-column elementor-col-100 elementor-top-column elementor-element elementor-element-e23878a\" data-id=\"e23878a\" data-element_type=\"column\">\n\t\t\t<div class=\"elementor-widget-wrap elementor-element-populated\">\n\t\t\t\t\t\t<section class=\"elementor-section elementor-inner-section elementor-element elementor-element-1d10549 elementor-section-boxed elementor-section-height-default elementor-section-height-default\" data-id=\"1d10549\" data-element_type=\"section\">\n\t\t\t\t\t\t<div class=\"elementor-container elementor-column-gap-default\">\n\t\t\t\t\t<div class=\"elementor-column elementor-col-100 elementor-inner-column elementor-element elementor-element-29b602f\" data-id=\"29b602f\" data-element_type=\"column\">\n\t\t\t<div class=\"elementor-widget-wrap elementor-element-populated\">\n\t\t\t\t\t\t<div class=\"elementor-element elementor-element-95aae72 elementor-widget elementor-widget-heading\" data-id=\"95aae72\" data-element_type=\"widget\" data-widget_type=\"heading.default\">\n\t\t\t\t<div class=\"elementor-widget-container\">\n\t\t\t\t\t<h2 class=\"elementor-heading-title elementor-size-default\">Dobrze si\u0119 z nami bawili\u015bcie? \ud83d\ude42<\/h2>\t\t\t\t<\/div>\n\t\t\t\t<\/div>\n\t\t\t\t<div class=\"elementor-element elementor-element-47e627a elementor-widget__width-initial elementor-widget elementor-widget-text-editor\" data-id=\"47e627a\" data-element_type=\"widget\" data-widget_type=\"text-editor.default\">\n\t\t\t\t<div class=\"elementor-widget-container\">\n\t\t\t\t\t\t\t\t\t<p>Je\u015bli tak to \u015bwietnie! B\u0119dzie wspaniale je\u015bli podzielicie si\u0119 z nami swoimi wspomnieniami! Fotograf to jedno ale perspektywa \u015bwietnej zabawy i wsp\u00f3lne zdj\u0119cia oraz filmy go\u015bci na &#8222;luzie&#8221; to zupe\u0142nie co innego \ud83d\ude42<\/p>\t\t\t\t\t\t\t\t<\/div>\n\t\t\t\t<\/div>\n\t\t\t\t<div class=\"elementor-element elementor-element-5359e0f elementor-widget elementor-widget-spacer\" data-id=\"5359e0f\" data-element_type=\"widget\" data-widget_type=\"spacer.default\">\n\t\t\t\t<div class=\"elementor-widget-container\">\n\t\t\t\t\t\t\t<div class=\"elementor-spacer\">\n\t\t\t<div class=\"elementor-spacer-inner\"><\/div>\n\t\t<\/div>\n\t\t\t\t\t\t<\/div>\n\t\t\t\t<\/div>\n\t\t\t\t<div class=\"elementor-element elementor-element-bd14109 elementor-button-info elementor-align-center elementor-widget elementor-widget-button\" data-id=\"bd14109\" data-element_type=\"widget\" data-widget_type=\"button.default\">\n\t\t\t\t<div class=\"elementor-widget-container\">\n\t\t\t\t\t\t\t\t\t<div class=\"elementor-button-wrapper\">\n\t\t\t\t\t<a class=\"elementor-button elementor-button-link elementor-size-xl\" href=\"https:\/\/drive.google.com\/drive\/folders\/13-KSDyrcPeO9ucQnBCFg9qfY3YNorcUo?usp=drive_link\">\n\t\t\t\t\t\t<span class=\"elementor-button-content-wrapper\">\n\t\t\t\t\t\t\t\t\t<span class=\"elementor-button-text\">Ksi\u0119ga go\u015bci<\/span>\n\t\t\t\t\t<\/span>\n\t\t\t\t\t<\/a>\n\t\t\t\t<\/div>\n\t\t\t\t\t\t\t\t<\/div>\n\t\t\t\t<\/div>\n\t\t\t\t<div class=\"elementor-element elementor-element-79a339f elementor-widget elementor-widget-spacer\" data-id=\"79a339f\" data-element_type=\"widget\" data-widget_type=\"spacer.default\">\n\t\t\t\t<div class=\"elementor-widget-container\">\n\t\t\t\t\t\t\t<div class=\"elementor-spacer\">\n\t\t\t<div class=\"elementor-spacer-inner\"><\/div>\n\t\t<\/div>\n\t\t\t\t\t\t<\/div>\n\t\t\t\t<\/div>\n\t\t\t\t\t<\/div>\n\t\t<\/div>\n\t\t\t\t\t<\/div>\n\t\t<\/section>\n\t\t\t\t\t<\/div>\n\t\t<\/div>\n\t\t\t\t\t<\/div>\n\t\t<\/section>\n\t\t\t\t<\/div>\n\t\t","protected":false},"excerpt":{"rendered":"<p>Dobrze si\u0119 z nami bawili\u015bcie? \ud83d\ude42 Je\u015bli tak to \u015bwietnie! B\u0119dzie wspaniale je\u015bli podzielicie si\u0119 z nami swoimi wspomnieniami! Fotograf to jedno ale perspektywa \u015bwietnej zabawy i wsp\u00f3lne zdj\u0119cia oraz filmy go\u015bci na &#8222;luzie&#8221; to zupe\u0142nie co innego \ud83d\ude42 Ksi\u0119ga go\u015bci<\/p>\n","protected":false},"author":1,"featured_media":0,"parent":0,"menu_order":0,"comment_status":"closed","ping_status":"closed","template":"","meta":{"footnotes":""},"class_list":["post-764","page","type-page","status-publish","hentry"],"_links":{"self":[{"href":"https:\/\/martaidawid.pl\/index.php?rest_route=\/wp\/v2\/pages\/764","targetHints":{"allow":["GET"]}}],"collection":[{"href":"https:\/\/martaidawid.pl\/index.php?rest_route=\/wp\/v2\/pages"}],"about":[{"href":"https:\/\/martaidawid.pl\/index.php?rest_route=\/wp\/v2\/types\/page"}],"author":[{"embeddable":true,"href":"https:\/\/martaidawid.pl\/index.php?rest_route=\/wp\/v2\/users\/1"}],"replies":[{"embeddable":true,"href":"https:\/\/martaidawid.pl\/index.php?rest_route=%2Fwp%2Fv2%2Fcomments&post=764"}],"version-history":[{"count":13,"href":"https:\/\/martaidawid.pl\/index.php?rest_route=\/wp\/v2\/pages\/764\/revisions"}],"predecessor-version":[{"id":783,"href":"https:\/\/martaidawid.pl\/index.php?rest_route=\/wp\/v2\/pages\/764\/revisions\/783"}],"wp:attachment":[{"href":"https:\/\/martaidawid.pl\/index.php?rest_route=%2Fwp%2Fv2%2Fmedia&parent=764"}],"curies":[{"name":"wp","href":"https:\/\/api.w.org\/{rel}","templated":true}]}}